tiple of 734?
True
Does 3 divide 18398703?
True
Is 4101756443 a multiple of 83?
False
Is 3628836654 a multiple of 15517?
True
Is 54510780 a multiple of 15?
True
Is 3463226 a multiple of 339?
False
Is 265867658 a multiple of 119?
True
Is 3680432028 a multiple of 12?
True
Does 76 divide 22415440?
True
Is 1365764894 a multiple of 663?
False
Is 18 a factor of 15283016?
False
Is 55303827 a multiple of 2?
False
Is 502788528 a multiple of 9?
True
Is 735400 a multiple of 578?
False
Does 365 divide 537304383?
False
Does 2544 divide 48133166?
False
Is 61 a factor of 142542543?
True
Does 16 divide 13893168?
True
Is 490355838 a multiple of 261?
True
Is 52 a factor of 723213?
False
Is 27 a factor of 496910322?
True
Is 3 a factor of 3762549?
True
Is 52068955 a multiple of 237?
False
Does 711 divide 7181908?
False
Does 66 divide 104073118?
False
Does 3440 divide 327044240?
True
Is 22 a factor of 268703974?
True
Is 2922 a factor of 200490108?
True
Is 1183 a factor of 6007698129?
False
Is 14169559 a multiple of 652?
False
Is 26 a factor of 172947917?
False
Is 153003392 a multiple of 63?
False
Does 11 divide 300429891?
False
Does 155 divide 3809745?
True
Is 49314882 a multiple of 41?
True
Does 330 divide 79774835?
False
Is 1396900 a multiple of 244?
True
Is 523981922 a multiple of 34?
True
Does 31 divide 5338601?
False
Is 28875900 a multiple of 50?
True
Is 20275144 a multiple of 23?
True
Does 109 divide 621255169?
False
Does 1390 divide 11658382?
False
Is 176799387 a multiple of 175?
False
Is 15290090 a multiple of 13?
False
Does 733 divide 101513244?
False
Does 1216 divide 551599488?
True
Is 6369 a factor of 317783720?
False
Is 189040312 a multiple of 1276?
False
Does 392 divide 559995520?
True
Is 470 a factor of 17218365?
False
Is 1218 a factor of 79959236?
False
Does 15 divide 378123376?
False
Does 351 divide 1335442329?
True
Is 10 a factor of 1229089096?
False
Is 22046977 a multiple of 487?
True
Is 22 a factor of 170019354?
False
Is 21 a factor of 83263929?
True
Does 4637 divide 1031291985?
True
Does 234 divide 23853094?
False
Is 44 a factor of 117269649?
False
Is 30058729 a multiple of 117?
False
Is 21 a factor of 320751741?
False
Does 29 divide 20273929?
True
Is 13109060 a multiple of 201?
False
Does 9 divide 306717121?
False
Does 791 divide 26696250?
True
Is 555812860 a multiple of 10?
True
Does 7 divide 1466604671?
True
Does 431 divide 83508522?
False
Is 84540588 a multiple of 66?
True
Does 12 divide 342356880?
True
Is 23 a factor of 41420102?
True
Is 1706 a factor of 35467740?
True
Is 1786 a factor of 12082983?
False
Does 1104 divide 759702144?
True
Is 587 a factor of 264819180?
True
Is 21566877 a multiple of 52?
False
Is 963 a factor of 12191580?
True
Is 34155625 a multiple of 1055?
True
Is 138023449 a multiple of 18?
False
Is 11 a factor of 34249138?
True
Is 4112734 a multiple of 479?
False
Is 624 a factor of 200722080?
True
Is 60 a factor of 33897720?
True
Is 4715396 a multiple of 581?
True
Is 11 a factor of 24292257?
True
Does 2706 divide 1060002438?
True
Does 5870 divide 3326411600?
True
Is 66564774 a multiple of 231?
False
Does 15 divide 14311357?
False
Does 185 divide 152353640?
False
Does 11 divide 11215369?
True
Is 1400 a factor of 190806000?
True
Does 57 divide 5198039?
False
Is 30395873 a multiple of 65?
False
Does 6245 divide 433180855?
False
Does 120 divide 272819400?
True
Does 168 divide 693336?
True
Is 46 a factor of 25121428?
True
Is 5206251 a multiple of 479?
True
Is 9 a factor of 47378016?
True
Is 125 a factor of 6309397?
False
Does 10 divide 12840076?
False
Does 52 divide 4093339?
False
Is 11594731 a multiple of 19?
True
Is 170 a factor of 5027166900?
True
Is 91 a factor of 29139474?
True
Is 420 a factor of 207291420?
True
Is 45 a factor of 618980531?
False
Does 236 divide 51909380?
True
Is 34561000 a multiple of 85?
True
Does 34 divide 269896556?
True
Is 67281604 a multiple of 13?
True
Is 38 a factor of 146247484?
True
Does 5808 divide 716267785?
False
Is 165 a factor of 103791412?
False
Is 46 a factor of 5048888?
False
Is 53740035 a multiple of 29?
False
Is 14 a factor of 26251536?
False
Is 106 a factor of 3290990319?
False
Is 968 a factor of 57372392?
True
Does 63 divide 2768124956?
False
Is 5310595549 a multiple of 49?
True
Does 68 divide 5871800?
True
Is 13 a factor of 173325438?
True
Is 419 a factor of 185890494?
False
Does 94 divide 37885290?
True
Is 21 a factor of 518731437?
True
Is 119886872 a multiple of 1589?
True
Is 1255 a factor of 141929205?
True
Is 171754869 a multiple of 3887?
True
Is 184 a factor of 2482884040?
True
Is 692 a factor of 102523952?
True
Is 709 a factor of 46017645?
True
Is 433572264 a multiple of 108?
True
Does 42 divide 1361070228?
True
Does 78 divide 7293193?
False
Does 1690 divide 555825790?
True
Is 680711703 a multiple of 416?
False
Is 1060 a factor of 215684560?
True
Does 16 divide 5090682664?
False
Is 4 a factor of 493772158?
False
Is 142402449 even?
False
Does 246 divide 161645895?
False
Is 834765696 a multiple of 576?
True
Is 543518252 a multiple of 148?
False
Is 3697702 a multiple of 22?
False
Is 1728 a factor of 13514688?
True
Is 30 a factor of 44363130?
True
Is 1196 a factor of 182719825?
False
Is 1562307255 a multiple of 205?
True
Does 93 divide 20664042?
True
Is 8711021 a multiple of 168?
False
Is 296 a factor of 6643413?
False
Is 22 a factor of 81523844?
False
Is 730 a factor of 5412950?
True
Does 12 divide 45173471?
False
Does 76 divide 715897062?
False
Is 7163 a factor of 1115651576?
True
Is 143 a factor of 39278364?
False
Does 228 divide 931176389?
False
Is 3092 a factor of 3143620050?
False
Is 340 a factor of 526830?
False
Is 12639534 a multiple of 19?
False
Is 1060942292 even?
True
Does 2046 divide 461972478?
True
Is 14 a factor of 1085713039?
False
Is 2 a factor of 122205626?
True
Does 4536 divide 3662023331?
False
Does 102 divide 651234?
False
Is 12 a factor of 11410024?
False
Does 381 divide 75791246?
False
Does 70 divide 382169550?
True
Is 1664376416 a multiple of 14?
False
Is 20501275 a multiple of 1433?
False
Does 8 divide 444254880?
True
Is 22 a factor of 74571726?
False
Is 625 a factor of 98962741?
False
Is 19919208 a multiple of 13?
False
Is 20074858 a multiple of 197?
False
Is 161295564 a multiple of 58?
True
Does 1460 divide 788229289?
False
Is 28656928 a multiple of 146?
False
Is 68 a factor of 80227284?
True
Is 1146 a factor of 14696999?
False
Is 2665 a factor of 377382655?
True
Does 3528 divide 310340520?
True
Is 1262667000 a multiple of 15?
True
Is 413 a factor of 1467934871?
False
Does 2476 divide 235343800?
True
Is 208156440 a multiple of 10?
True
Does 454 divide 131635930?
False
Does 269 divide 198840119?
False
Is 316980762 a multiple of 1473?
True
Does 1800 divide 47876400?
True
Is 279 a factor of 37936804?
False
Is 78177654 a multiple of 139?
False
Does 2398 divide 75919559?
False
Is 137 a factor of 71936782?
True
Is 3572292432 a multiple of 808?
True
Is 67 a factor of 1500334216?
True
Is 2 a factor of 16295?
False
Does 26 divide 436500480?
True
Is 7 a factor of 1206767163?
True
Is 335023960 a multiple of 76?
True
Is 171 a factor of 155855385?
True
Is 256131479 a multiple of 2?
False
Is 1470812018 a multiple of 442?
True
Is 5 a factor of 9289187?
False
Is 13469471 a multiple of 12?
False
Does 105 divide 190425585?
True
Is 41783214 a multiple of 3?
True
Is 79 a factor of 80057399?
False
Is 31 a factor of 751024670?
False
Is 18699635 a multiple of 246?
False
Is 103665120 a multiple of 4440?
True
Is 22796705 a multiple of 6?
False
Does 13 divide 151995194?
True
Does 231 divide 14281619?
False
Does 38 divide 113385095?
False
Does 5857 divide 2142164877?
False
Does 68 divide 7421996?
True
Is 115 a factor of 31449855?
True
Is 33593364 a multiple of 218?
True
Is 275338116 a multiple of 2781?
False
Is 1282932697 a multiple of 4540?
False
Does 1360 divide 172146999?
False
Does 107 divide 96508367?
False
Is 120 a factor of 240432337?
False
Is 235997847 a multiple of 5?
False
Is 550095462 a multiple of 3703?
True
Is 135890514 a multiple of 74?
False
Is 24981936 a multiple of 499?
True
Is 2355575789 a multiple of 1077?
False
Is 31398332 a multiple of 34?
False
Does 11 divide 73077200?
False
Is 1509 a factor of 45164685?
False
Does 217 divide 432671406?
False
Is 42 a facto